h - 17. Let m be z(6). Calculate v(m).
-7
Let m(o) = -5*o**2 - 7 + 26*o**3 + 9 - 27*o**3 + 8*o + 6. Calculate m(-6).
-4
Let y(n) = -n**2 + 6*n + 15. Let v(q) = -q**2 - 7*q + 51. Let u be v(4). Calculate y(u).
8
Let s(k) = 4*k**2 - 6*k + 25. Let o(h) = -5*h**2 + 5*h - 21. Let j(i) = 6*o(i) + 5*s(i). Calculate j(-2).
-41
Let y be 7/3 + (-1)/3*79. Let k(w) = -w**2 - 22*w + 54. Give k(y).
6
Let f(l) = 544*l - 9 + 9*l**2 + l**3 - 1 + 540*l - 1087*l. Determine f(-9).
17
Let t(m) be the first derivative of -m**3/3 + 4*m**2 - 2*m + 18. Let x be (8/(-6))/((-8)/36). What is t(x)?
10
Let l(o) be the second derivative of -7*o**4/12 + o**2/2 + 345*o. Determine l(-1).
-6
Let h(d) = -3*d - 1. Suppose 5*u - 4 = 11. Suppose f = l + 3, 2*l = -u*f - 5 + 19. Give h(l).
-4
Let d(r) = -r**2 - 3*r + 6. Suppose -17*i = 4*i + 84. Calculate d(i).
2
Let g be (0 + -1 - -3)/(-2). Let c(q) be the second derivative of -5*q**3/3 - 3*q + 38. Give c(g).
10
Let x = 1633 - 1632. Let s(q) = -33*q**2. Calculate s(x).
-33
Suppose -11 = -4*g - 3. Let x(y) = -y**g - 2*y + 6*y**2 - 4*y**2 - 5 + 3*y. Let i(n) = 3*n**2 + 3*n - 15. Let h(c) = -6*i(c) + 17*x(c). Calculate h(0).
5
Let g(o) = -o - o - 2*o + 3 + 2*o. Let m(k) = 5. Let h(t) = -6. Let s(r) = -4*h(r) - 5*m(r). Let v(y) = g(y) + 2*s(y). What is v(-5)?
11
Let z(s) = s**2 + 6*s - 1. Suppose 22 = -2*i - 5*l, -2*l = -i + 3*i + 34. Let u = -28 - i. What is z(u)?
6
Suppose -4*n - 46 + 34 = 0. Let o(d) = 2*d**2 - 7*d + 17. Let x(s) = s**2 - 3*s + 9. Let t(u) = n*o(u) + 5*x(u). Give t(6).
-6
Let h(x) be the third derivative of -x**6/120 + x**5/20 + x**4/6 + x**3/2 - 76*x**2. What is h(4)?
3
Let l(x) = 2*x + 0*x + 3 + 4*x**2 - 2*x**3 + x**3. Let v = -37 - -33. Let o(c) = -c**3 - 5*c**2 - 7*c - 7. Let t be o(v). Give l(t).
-12
Let t(o) = -2552 + 0*o**2 + 2554 + o**2 + 8*o. Determine t(-7).
-5
Let x be (3 + -3)*(-4)/12. Let w(n) = -4*n**2 - 4 - 8*n - n**3 + x + 9*n. Suppose 5*o + 5 = -0, 6 = -t - 2*o. Calculate w(t).
-8
Let o(x) be the first derivative of -x**7/70 - x**5/120 + x**4/24 - 5*x**3 - 11. Let m(l) be the third derivative of o(l). What is m(1)?
-12
Suppose 0 = 3*j + 22 - 4. Let l(m) = -m + 6. Let n(k) = k + 1 - 5 + 5. Let s(x) = -l(x) - 2*n(x). Calculate s(j).
-2
Suppose -2*h = -4*r - 6, -r + 7 = 6*r. Let f(u) = 3*u - 4. What is f(h)?
11
Let o(c) be the first derivative of -c**4/4 + 7*c**3/3 - c**2/2 - 443. Give o(3).
33
Let b(p) = 71*p + 69*p - 147*p. Let a(n) = 3*n**2 + 0*n - n**3 - 4*n**2 + n. Let u be a(-1). What is b(u)?
7
Let q(t) = -9 + t**3 + 101*t + 5*t**2 - 217*t + 109*t. Calculate q(-6).
-3
Let n(c) be the third derivative of c**4/4 - c**2 + 152*c. Determine n(5).
30
Let z = 3 + 1. Let w be (1 + 0)*(z + 1). Let r(p) = -288 - 5*p**2 + 598 + p**3 + p - 307. What is r(w)?
8
Let r(k) = 2*k. Let w = -610 - -611. What is r(w)?
2
Let l be (-2 - -2)/(-6 - -9). Let a(v) be the third derivative of 0*v + 0 + 1/24*v**4 + v**2 - 5/6*v**3 + l*v**5 + 1/120*v**6. Determine a(0).
-5
Let m be 3/(-7) + 77/(-49). Suppose 3*h = h + 4. Let a be -4 - -2 - m/h. Let t(c) = 3*c**3 - c**2 - c - 1. Calculate t(a).
-4
Let q(d) = -4*d**2 - 10*d. Let b(u) = 9*u**2 + 21*u. Let t(k) = 3*b(k) + 7*q(k). Suppose -33*j = -28*j + 30. What is t(j)?
6
Let x(t) be the first derivative of t**4/4 - 4*t**3 + 9*t**2/2 + 16*t + 16. Let v be x(11). Let l(k) = -k**2 - 7*k + 4. Give l(v).
10
Let s(v) = 2*v - 29. Let j be s(11). Let i(g) = -3*g - 20. Determine i(j).
1
Let j(p) = 12*p**3 + p**2 - 11*p + 11. Let g be j(1). Let w(k) = -k**3 + 13*k**2 - k + 9. Calculate w(g).
-4
Let n(y) = 71*y - 6 + 50*y - 113*y. Calculate n(5).
34
Let d(o) = -2*o**2 + 6*o - 2. Suppose 0 = -4*h - 4*z + 40, 4*h - 3*z + 4*z - 25 = 0. Suppose -2*t = g - 15, -t + 50 = h*g + 4*t. Give d(g).
-22
Let x(n) be the second derivative of 0 - 22*n + 1/6*n**3 + 5*n**2. Determine x(-10).
0
Let w(h) = h**3 + 10*h**2 - 9*h + 16. Let x be w(-11). Let r(v) = 3*v**2 + 7*v - 7. Let c(f) = 4*f**2 + 7*f - 8. Let y(a) = 2*c(a) - 3*r(a). Determine y(x).
11
Let j = -1589 - -1592. Let w(a) = -a**2 + 5*a - 7. Give w(j).
-1
Let y(t) = t**3 + t**2 - 3*t - 1. Let b(f) = 2*f**2 + 7*f + 6. Let c be b(-3). Suppose -27*d = -26*d - c. What is y(d)?
26
Let n = -2113 + 2119. Let a(h) = 2 + 2 + 3*h - 5*h. Determine a(n).
-8
Let h(g) = 9*g + 4. Let i(w) = -1. Let l(b) = -h(b) - 3*i(b). Suppose 13*x + 33 = 20. Calculate l(x).
8
Let g(o) = o**2 - 2*o + 107. Let z be g(0). Suppose 2 = j - 4. Let r(x) = -z*x + 103*x + 2 - j. Calculate r(-4).
12
Let u(b) = -b - 4. Suppose -3*m - 4*g = -2, 0 = -3*m + 5*g + 2 - 45. Let r be ((-14)/m)/((-7)/(-21)). Let v be (0/(-1))/(r - 5). Give u(v).
-4
Let h(z) = 3*z**2 + 7*z**2 - 15*z**2 + z**3 - 30 + 6*z**2. Calculate h(0).
-30
Let q = 16 - 11. Let c(y) = 2*y + 31*y**2 - y**3 + 3 - 27*y**2 + 0. Determine c(q).
-12
Let f(c) = 1. Let z(q) = q + 10. Let w(k) = -4*f(k) + z(k). What is w(7)?
13
Let r(n) = n**2 - n**3 - 13*n**2 + 12 - 49978*n + 49992*n. Determine r(-13).
-1
Let f(q) be the first derivative of -3*q**2/2 + 81*q - 11. Let h be f(28). Let u(k) = -3*k**2 - 3*k + 3. Calculate u(h).
-15
Let c(r) be the second derivative of r**3/6 - r. Let g be -30 + 33 + -1*1. Give c(g).
2
Let f(d) = 6*d**2 - 2*d**3 - 6 - 4*d**3 + 3*d**3 + 2*d**3. Calculate f(6).
-6
Suppose 5*y - 9 = -4*k - 22, 2*k + 4*y + 8 = 0. Let w be (-72)/(-6) + 2/(-1). Let d(q) = 5*q - w + 9 - 3*q. What is d(k)?
-5
Let m(h) = h**2 - 5*h + 3. Let s be (-2 + 18/15)/(2/(-5)). Suppose 13 - 2 = 5*v - 2*b, s*b = 2*v - 2. What is m(v)?
-3
Let f(j) = -j**3 + 2*j**2 + j - 1. Let i(z) be the second derivative of -z**5/20 - 7*z**4/12 + 17*z**3/6 - 3*z**2 - 16*z. Let c be i(-9). What is f(c)?
-7
Let r(j) = 2*j - 5. Let q(f) = -f - 2*f + 0*f + 2*f + 6. Let s(m) = 2*q(m) + 3*r(m). Give s(3).
9
Let m(y) = 3. Let c = -11 + 8. Let x(i) = 1. Let u(q) = -q + 4. Let k(l) = c*x(l) + u(l). Let z(j) = -5*k(j) + m(j). What is z(-2)?
-12
Let l(i) = i**2 + 21*i + 39. Suppose -9*o - 315 = -144. What is l(o)?
1
Let f(n) be the second derivative of n**3/6 + 5*n**2/2 - 5*n. Let y be f(-3). Let s(h) = -2*h - h**3 + 3*h**2 + y*h**3 - 7*h**2 + 0*h**2 - 3. What is s(4)?
-11
Let l(v) = -60*v - 58*v - 55*v + 4 + 175*v. Determine l(-3).
-2
Suppose -17 - 11 = 14*h. Let c(i) be the second derivative of 0*i**2 - 1/3*i**3 + 0 - 1/12*i**4 + i. Calculate c(h).
0
Let w(f) = 1. Let n(s) = -s - 1. Let h(m) = n(m) + w(m). Let a(d) = -d**2 - 32*d + 109. Let v be a(3). What is h(v)?
-4
Suppose 0*s - 8 = -4*s. Let t(v) = 2*v**3 - v - 3*v**s - 1 - 3*v + 0*v**3 - v**3. Suppose 7 = -2*g - 4*l - 5, -5*g = 5*l + 5. Determine t(g).
-1
Let u(r) be the third derivative of -r**4/24 - 5*r**3/2 + 2*r**2 + 98*r. Determine u(-9).
-6
Let w be ((-5)/15)/((-1)/(-12)). Let p(x) = 3*x**2 - 12*x + 3. Let k(c) = 4*c**2 - 14*c + 4. Let m(a) = w*k(a) + 5*p(a). Determine m(-4).
-1
Let g(z) = z**3 - z**2 + 2*z + 3. Let d(y) = -3*y**3 + 11*y**2 - 3*y - 6. Let k(p) = -d(p) - 2*g(p). What is k(9)?
-9
Let q(f) = -4*f - 3*f + 5*f. Calculate q(2).
-4
Let z(f) = -f + 15. Let v = 1009 + -999. What is z(v)?
5
Let m(t) = -6*t + 16. Let u be m(2). Let j(h) = 2*h + 8. Let g(q) = -q - 4. Let n(d) = -9*g(d) - 4*j(d). Determine n(u).
8
Let t(a) = 7*a - 6. Let f(g) = g**2 - 21*g + 102. Let b be f(12). Calculate t(b).
-48
Let o = -189 + 177. Let g(w) = w + 9. Give g(o).
-3
Let a = -572 - -580. Let p(z) = z - 15. What is p(a)?
-7
Let n be -2 + (28*1)/(-2). Let p be 7/(-4) + 4/n. Let a(c) be the first derivative of 5*c**2/2 - c - 271. Give a(p).
-11
Let x = 379 - 390. Let v(y) = y**2 + 9*y - 27. Calculate v(x).
-5
Let p(d) = -d**2 - d + 5. Let v be p(0). Suppose -5*x + 13 = 3. Let m(y) = y**3 + 26*y - 49*y + 22*y - 5*y**x - 4. Calculate m(v).
-9
Suppose -4*z + 15 = -z. Let w(i) = i**2 + 11*i + 1. Let j be w(-11). Let l(g) = g. Let m(a) = -a**2 + a - 4. Let d(q) = j*m(q) + 4*l(q). Calculate d(z).
-4
Let j(f) = 7*f + 4. Let t(i) = 5. Let w(p) = -3. Let h be (-3 - -19)/(-4)*-2. Let b(u) = h*w(u) + 5*t(u). Let l(y) = 3*b(y) - j(y). What is l(-1)?
6
Let g(w) = 2*w - 15. Let d(y) = y - 7. Let f(q) = q**2 - 9*q + 17. Let o be f(7). Let l(p) = o*g(p) - 5*d(p). What is l(6)?
-4
Let b be -3 - (368/(-64) - (-6)/8). Let j(s) = -11*s**b - 2*s + s**2 + 11*s**2. Calculate j(3).
3
Suppose -2*u - 6*h = -h - 10, -3*u - 3*h = -15. Let i(c) 